common divisor of 228 and a?
12
Suppose 35*r = 31*r - 2*a + 4126, -5*a + 3077 = 3*r. Calculate the greatest common divisor of 66 and r.
22
Let g(i) = -i**2 - 4*i + 9 + 3*i + 6*i. Suppose 11*r + 2 = 51 - 5. Let u be g(r). Calculate the highest common divisor of 117 and u.
13
Let a be ((-666)/21 + 2 + 4)*742/(-159). What is the greatest common factor of a and 880?
40
Let c = -181 - -562. Let o = -332 + c. Calculate the greatest common factor of 98 and o.
49
Let b be (-8)/6*-3 + -8 + -15. Let i(c) = -c**3 - 16*c**2 + 48*c + 18. Let y be i(b). What is the greatest common divisor of y and 81?
27
Suppose 33*c - 37*c + 3*b = -4470, -4446 = -4*c - b. What is the greatest common divisor of c and 477?
159
Let z be 6697/222 - 15/(-18). Let w = -2 - -7. Let f be 2/(-10) + z/w. Calculate the greatest common factor of 6 and f.
6
Suppose -4*u - 118 + 694 = 0. Suppose 37*r - 32*r = -5*f + 65, 0 = -5*f + r + 95. What is the greatest common factor of f and u?
18
Let y(d) = -4*d - 1. Let o be y(-2). Let q be (9/(45/(-10)))/((-8)/8). What is the highest common divisor of o and q?
1
Let g = -5288 + 6999. Calculate the highest common divisor of g and 87.
29
Let k be (0 + 1749/(-9))/(115/(-345)). What is the highest common factor of 308 and k?
11
Let h(d) = -4*d - 16. Let n be h(-8). Let r be 77*11/(77/(-12)). Let p be -1 - (r - 12/(-4)). Calculate the highest common divisor of p and n.
16
Let d(q) = q**2 + 6*q + 5. Let h be d(-6). Suppose 0 = 6*m - 20*m + 56. Suppose -m*c - 63 + 203 = 0. What is the highest common divisor of c and h?
5
Let o = -2130 + 1511. Let y = o - -638. Let t be ((-2)/6)/(1/(-57)). What is the highest common divisor of t and y?
19
Suppose -104 + 212 = 9*p. Calculate the highest common factor of p and 43476.
12
Suppose 5*a = 15, -2*a + 8 = o - 7*a. Suppose 54 = f + o. Suppose -5*n + f = -j, 0 = 2*n - 3*n - 5*j + 27. What is the highest common divisor of 63 and n?
7
Let m(a) = a**2 - 33*a. Let r be m(-9). What is the highest common factor of r and 3822?
42
Let g = 163 + -149. Suppose -44 = g*x - 170. Calculate the greatest common divisor of x and 9.
9
Let x = 175 + -151. Suppose x*f = 19*f + 105. What is the highest common divisor of f and 7?
7
Let b = 3636 - 3625. Let h be (-2)/4 - 268/(-8). What is the highest common divisor of b and h?
11
Let u(a) = 34*a + 214. Let j be u(9). Suppose 51*c - 61*c = -j. Calculate the greatest common divisor of 65 and c.
13
Let w = -3423 + 3591. Let k(p) = p**2 + 2*p - 14. Let b be k(-16). Calculate the greatest common factor of w and b.
42
Suppose -4*o - o - 120 = 0. Let q = o + 38. Let p = 270 - 242. What is the greatest common divisor of p and q?
14
Let x = 467 - -402. Suppose -4*w + 3*b + x = -1119, 2485 = 5*w - 3*b. What is the greatest common factor of 142 and w?
71
Suppose -110*o = 5315 - 20956 - 11859. What is the highest common divisor of o and 4050?
50
Suppose -13*l + 237 + 101 = 0. Suppose -5*v - m = -4*m - 39, 5*m + l = 4*v. Suppose 3*i - 6*i = -3. Calculate the greatest common divisor of i and v.
1
Suppose -329 = 3*f - 419. Suppose -4*k + 1060 = -5*t, -2*t + t - 1076 = -4*k. What is the highest common divisor of k and f?
30
Let t be -43*(-4)/5*(-17 - 10440/(-20)). Calculate the greatest common factor of t and 202.
202
Suppose -6*u = -2*t + 4542, 2*t = 2*u - 2005 + 6567. Calculate the greatest common divisor of t and 54.
18
Let r(k) = 20*k - 131. Let h be r(5). Let y be 7 - (h - (8 - 1)). Calculate the greatest common factor of y and 45.
45
Let y(s) = s**3 - 6*s**2 + 2*s - 6. Let r be y(5). Let v = 33 + r. Suppose 0 = -d - 13*d + 2520. What is the greatest common divisor of v and d?
12
Let x(a) = -6*a - 2. Let q be x(-4). Let t(v) = 10*v - 112. Let g be t(11). Let b be (1 + 0)/(g/(-110)). What is the greatest common divisor of b and q?
11
Let u = 25 - 13. Suppose l = 3*l + 2*z - u, 0 = -4*l - z + 18. Let i be (-130)/(-8) - 1/l. Calculate the highest common factor of 24 and i.
8
Let k be 1/(-6) + (-41837)/(-138). Suppose 6*o + 89 - 146 = -13*o. Calculate the highest common divisor of k and o.
3
Suppose -5*t + 20 = 25*w - 20*w, 0 = 3*w + 4*t - 11. Suppose -45 = -w*g - 0*v - 4*v, 15 = -g + 4*v. What is the highest common factor of g and 5?
5
Let k = 179 - 591. Let z = -388 - k. Calculate the highest common divisor of 228 and z.
12
Let j(x) = 157 - 146*x + 241*x + 113. Let w be j(4). Calculate the greatest common divisor of w and 52.
26
Let f(b) = 956*b + 557. Let s be f(3). Calculate the greatest common factor of 25 and s.
25
Suppose -106*o + 2*c - 6386 = -111*o, c - 3832 = -3*o. What is the greatest common divisor of 54 and o?
18
Suppose -44*p + 46*p + 818 = 5*t, t - 178 = 4*p. Calculate the highest common factor of t and 6507.
27
Let d = 1631 + 1732. What is the greatest common divisor of d and 114?
57
Let g = 1416 - 314. Calculate the highest common divisor of 57 and g.
19
Suppose -12 = -4*z - r - 0*r, z = -r. Suppose 3*d = d + z. Let m be (-5)/(10/d) + 26 + -1. What is the greatest common factor of m and 264?
24
Let x(w) = -9*w + 321. Let g be x(34). What is the greatest common factor of g and 185?
5
Let l be (-3256)/(-12) + (27/(-36))/((-36)/32). Calculate the greatest common factor of l and 104.
8
Suppose -4*n = -28, -x + 5*n + 28 = -35. Calculate the greatest common divisor of x and 1792.
14
Let z(r) = 4*r**2 - 415*r + 418. Let q be z(1). What is the greatest common factor of q and 9905?
7
Let f = -2527 - -2931. What is the highest common divisor of 168 and f?
4
Suppose 0 = -71*x + 79*x - 24. Suppose 124 = 4*d + x*n - 7*n, -125 = -4*d + 3*n. Calculate the greatest common divisor of d and 400.
16
Suppose 2*r = 2*n + 226, 2*n = 2*r - 7*r + 600. Suppose -4*x + 374 = l, 4*l + x = 1393 + r. What is the greatest common divisor of 14 and l?
14
Let p be ((182 - 47) + -10)*(-4)/(-10). Let a = 589 - 189. What is the greatest common divisor of p and a?
50
Let p(l) = -l**2 - 15*l - 39. Let d be p(-11). Suppose -5*k = -4*m + 2285, d*k = -5*m + 2225 + 665. What is the greatest common divisor of 23 and m?
23
Let b(n) be the third derivative of 5*n**4/24 + n**3/6 + 5*n**2. Let f = 349 - 343. Let c be b(f). Calculate the greatest common factor of c and 155.
31
Let t(f) = 14*f**2 - 23*f + 232. Let q be t(13). Calculate the greatest common divisor of q and 22.
11
Suppose -15*k - 14*k + 95698 + 55189 = 0. Calculate the greatest common divisor of k and 726.
121
Suppose -15*t + 8*t = -245. Suppose -44*g + t*g = -135. What is the greatest common divisor of 195 and g?
15
Suppose -15*r = -231 + 21. Let l = r - 23. Let b be 82/8 + l/(-12). What is the highest common factor of 121 and b?
11
Suppose 0 = -0*c + c + 1. Let z be 22/18 + c + (-65)/9. Let t(n) = n**3 + 11*n**2 + 4*n - 14. Let h be t(z). What is the greatest common factor of h and 14?
14
Suppose 0 = -m - 376 + 382, -5*y + 1095 = -5*m. Calculate the greatest common divisor of y and 396.
9
Let x be 2/(-3) + 88/6. Let i(h) = -h**3 + h**2 - 2*h + 4. Let t be i(2). Let s be 0 - -23 - 3/((-6)/t). What is the highest common divisor of x and s?
7
Let x = 11838 + -11486. Calculate the greatest common divisor of x and 1792.
32
Let j be 0*(-2)/6*-3. Suppose 15*w - 6*w - 162 = j. Calculate the highest common divisor of w and 2.
2
Let s be 4/(-42) + (-37)/((-6216)/127696). What is the greatest common divisor of 230 and s?
10
Let g be 3/2*(10 - 2). Suppose -4*t = -88 + 72. Suppose -t*l = -3*l - 48. What is the greatest common divisor of l and g?
12
Let c(b) = -b**3 + 11*b**2 + 3*b - 33. Let a be c(5). Let d = -47 + 146. What is the highest common divisor of d and a?
33
Let d(x) = 2*x**2 - 12*x - 384. Let g be d(-16). What is the highest common factor of 448 and g?
64
Let u be (-58)/(-3) + 422/633. Calculate the greatest common factor of 5 and u.
5
Let k(u) = u**3 + 22*u**2 + 76*u - 43. Let h be k(-15). Calculate the greatest common factor of h and 1813.
49
Let d be -6 + 2 + 24304 + -8 + 28. Calculate the greatest common factor of d and 95.
95
Suppose -316 = -13*y - 43. Let j be (-30)/(-4)*(y + 5). What is the highest common factor of j and 15?
15
Suppose 2*x + 4 = 2*a - 0*a, 2*a - 1 = 3*x. Suppose -c + 8*u - 10*u = -17, 9*u - 31 = 2*c. What is the highest common divisor of a and c?
1
Suppose -60*n + 39*n = 0. Suppose -589*w + 587*w + 460 = n. What is the highest common fa